*i - 63. Let u(l) = 134*l**2 + 4*l + 67. Is u(i) a prime number?
False
Suppose -1 - 5 = -2*h. Suppose -5*w + 25 = -j, h*w = 4*j + 6 + 26. Suppose -2*q + 34 = -r, -2*r + 5*r - 48 = -w*q. Is q prime?
False
Let s = -163186 - -268475. Is s a composite number?
True
Suppose 0 = 16*o - 194155 - 9749. Suppose 5*j + 6*c = 8*c + 21247, -3*j - 3*c = -o. Is j composite?
True
Is (2 - -2)/((-176)/(-3813788)) composite?
False
Let z(j) = -44*j + 152. Let a(d) = -5*d + 17. Let f(m) = 52*a(m) - 6*z(m). Let x be f(8). Suppose 0 = -5*u + x*g + 1146, -5*u + 1531 - 405 = g. Is u prime?
False
Is 21252402/138 + -2 + 4/46 composite?
False
Let f(c) = -6*c**3 + 40*c**2 - 6*c + 1. Is f(-9) a composite number?
False
Suppose -q - 1302 - 8210 = 0. Let n = 18495 + q. Is n a composite number?
True
Suppose 21*g + 10209286 = 67*g. Is g prime?
True
Let d = -450 + 1554. Suppose 0 = -d*g + 1108*g - 42116. Is g composite?
False
Suppose 760738 = 2*z + 4*o, -2*z - 284*o + 760773 = -285*o. Is z a composite number?
False
Let v(p) = 185*p - 14. Suppose 4*c = 8, -2*d = 3*c + 2*c - 22. Let j be v(d). Suppose -13*g - j = -17*g. Is g a prime number?
False
Is (1626579/6*1/(-2))/(6/(-8)) prime?
True
Let k = -111 - -115. Suppose 3*v = -2*z + 395, -2*v = 3*z - k*z + 180. Is 2 + z - ((-6)/(-2) + -2) a composite number?
False
Let b(g) be the second derivative of -361*g**3/2 + 2*g**2 - 16*g. Is b(-1) prime?
True
Suppose 14258 + 25832 = 10*n. Suppose m = -4*l + 1329, -l + n = 3*m - 0*l. Is m prime?
False
Suppose -209825 + 85547 = -2*r - 5*b, 2*b + 8 = 0. Is r a prime number?
False
Let q(z) be the first derivative of -47*z**3/3 + 10*z + 41. Let c(u) = -93*u**2 + 19. Let j(m) = -3*c(m) + 5*q(m). Is j(3) a prime number?
True
Let a be 8/40*-7477 - 18/30. Suppose -5*j + 2*u = -12925, -3*j + 2*j - 3*u + 2568 = 0. Let i = a + j. Is i prime?
True
Let b be (-959790)/60 + 10/(-4). Let l = -9856 - b. Is l composite?
False
Suppose h = -3*d + 35227, -3*d - 21900 = 2*h - 92360. Is h a prime number?
False
Let i(v) = 637*v - 796. Is i(9) composite?
False
Suppose -3*k = -2*n - 515961 - 165298, -5*k + 1135421 = -2*n. Is k a composite number?
False
Suppose -o = 5, 5*d = 2*o - 3*o - 15. Is ((-239)/(-1)*d)/(2/(-53)) prime?
False
Let u(c) = -37 + 10 + 59*c + 11*c. Let l be (-4 - -1)*(-2 - 2). Is u(l) a prime number?
False
Let j(g) = -g**2 - 4*g - 1. Let n be j(-4). Let c be ((-6)/3 - -51) + n. Suppose -c + 1219 = y. Is y a prime number?
True
Let w(f) = -2724*f + 482. Is w(-3) a prime number?
False
Let u be 67 + 4 + (-6 - 3). Suppose u*l - 67*l + 203045 = 0. Is l prime?
True
Let q = 566 + -1362. Let p be (q/(-4))/((-6)/(-24)). Suppose o - p = 175. Is o composite?
False
Let o be ((-717)/15)/((-3)/15). Let j = o + 978. Is j composite?
False
Let y(k) = k - 4. Let t be y(4). Suppose 2*x + 5 = -3*n, 4*n - 2 = -14. Suppose t = x*h - 5*j - 642, h = -j - 158 + 493. Is h composite?
False
Suppose -1811 = -d + n, 4*d + n = 3*d + 1801. Let h = d + 1283. Suppose 0 = 10*c - 3581 - h. Is c a prime number?
False
Let r = 5522 - 9317. Let q = 4724 - r. Suppose 4054 = 9*w - q. Is w composite?
True
Let p = 136916 + -92551. Suppose -z = 2*g - 10917, -4*g = 5*z - 10196 - p. Is z composite?
False
Is 6/(-7) - 31254095/(-1435) a prime number?
False
Let m(p) = -p**3 + 9*p**2 - 14*p + 41. Is m(5) a prime number?
True
Suppose -6*k + 2*k - 4 = 0, -4*f = k - 7. Suppose -f*t = -2*g - 10868, 4*t - g - 10865 = 2*t. Is t a prime number?
True
Let v(j) = 22*j + 184. Let h be v(-8). Is 10 - (h - 4) - -32927 a prime number?
True
Let b(h) = 3*h**2 + 17*h - 18*h**3 - 5*h**2 - 5*h**2 - 1 + 3*h**2 + 25*h**3. Is b(10) prime?
False
Let h(r) = 13*r**2 + 4*r - 6. Let l be h(2). Is (l/(-81))/(4/(-27042)) a prime number?
True
Let r(x) = -3*x**3 + 90*x**2 - 60*x + 8. Is r(29) a prime number?
False
Let u = 24724 + -16189. Suppose 5*q - 5*h = u, 1086 + 4039 = 3*q - 5*h. Suppose -640 = -5*m + q. Is m prime?
False
Let j(n) = -n**3 + 12*n**2 - 9*n - 20. Let a be j(11). Let s(r) = 1 - 13*r + 18 - a. Is s(-14) composite?
False
Let a be 8/24*5*3. Let y(b) = 334*b - 3. Let s be y(3). Suppose 4*z = 2*l + s - 135, 0 = 4*z - a*l - 870. Is z a prime number?
False
Let r = 217 + -223. Is (((-30)/5)/r)/((-2)/(-1262)) composite?
False
Suppose -o - 5*s = -6436, -4*o + s - 3*s + 25744 = 0. Suppose 9*m = 20467 - o. Is m composite?
False
Let v = 3375 - 6837. Let w = v + 4901. Is w prime?
True
Let r(q) = 73490*q**2 - 84*q - 1. Is r(-2) prime?
True
Let b(h) be the first derivative of 24 - 14*h - 2/3*h**3 - 3*h**2 - 1/4*h**4. Is b(-3) a composite number?
False
Suppose -3*k + 3*g + 12 = 0, -g + 6*g + 10 = 0. Suppose 3*u = -k*n + 1015, 5*n + 9 = 19. Is u a composite number?
False
Let s(j) = -j**2 - 5*j + 7. Let a be s(6). Let d = a + 53. Is ((-2)/3)/(d/6246) prime?
False
Suppose 2*s - 3*x = 217847, -s - x = -97821 - 11115. Is s composite?
True
Let l(o) = 34*o**2 - 70*o + 927. Is l(56) composite?
True
Let r(z) = 212 - 105 - z + 175 + 287 - 96. Let q = -12 + 12. Is r(q) composite?
True
Suppose 20*s = -21*s + 50*s - 527931. Is s prime?
False
Suppose 628*l - 763992 - 4174944 = 604*l. Is l a composite number?
True
Let i = -51 + 56. Suppose 3*l - 7 = -2*t, i*l - 2*t = -t + 29. Suppose -u - 4*r = -407, -l*u + 0*r + 3*r = -2104. Is u a prime number?
True
Let x = 10941 + -22033. Is ((-5)/10)/(2/x) composite?
True
Let u(h) = 1318*h - 657. Is u(28) a composite number?
True
Suppose -4*r = -12, 3*c - 33*r - 997491 = -29*r. Is c a prime number?
False
Let f(u) = u - 3. Let x(l) = 2153*l + 94. Let v(j) = -4*f(j) - x(j). Is v(-7) composite?
False
Suppose 0 = 179*o - 177*o - 5*q - 25552, 3*o - 38351 = -4*q. Is o a prime number?
True
Let v be (5 - (7 + -3)) + (2922 - 2). Suppose z - 8053 = -v. Suppose 2*x - 4*h - 2578 = 0, -h - z = -4*x - 5*h. Is x composite?
True
Suppose -4*c - 5*o - 9 = -0*c, -3*c - 3 = 3*o. Is (-16155)/(-75) + c/(-10) composite?
True
Let z = -669 - -2403. Suppose 0 = 3*y + z - 9165. Is y composite?
False
Let d = 49608 + -33725. Let k = d + -10674. Is k a prime number?
True
Suppose x = 6*x - 20, l - 4*x - 5872 = 0. Suppose -2*q - w = -2*w + 2942, -4*q + 4*w - l = 0. Let h = 3301 + q. Is h composite?
False
Suppose -14716 = -17*n + 13470. Let x = n + -373. Is x prime?
False
Suppose -x - 5*m - 9 = 0, -6*x + 9*x = -3*m + 21. Suppose 0 = -3*t + 3*v + 5721, x*t - 9*t + 4*v = 3814. Is t prime?
True
Let u(l) = -782*l**3 + 7*l**2 - 6*l - 7. Let a(i) = 521*i**3 - 5*i**2 + 4*i + 5. Let p(g) = 7*a(g) + 5*u(g). Is p(-1) prime?
False
Let z(l) = -35*l**3 - 6*l**2 - 18*l - 110. Let d(h) = -h**3 - h**2 - 1. Let w(t) = -3*d(t) + z(t). Is w(-6) composite?
True
Suppose 0 = -908*k + 925*k - 2380. Let q = 251 - -6. Let n = q + k. Is n composite?
False
Suppose 20*v - 2*u = 22*v - 261932, 0 = -v + u + 130972. Is v a composite number?
False
Suppose 5*i + 6747912 = 4*k, -5*k + 73*i + 8434935 = 78*i. Is k composite?
False
Let y be (72/10)/(((-18)/15)/(-6)). Suppose 14*z + y = 23*z. Suppose -4*u - z*m + 3805 = -71, 0 = 2*u - 2*m - 1930. Is u a composite number?
False
Let c be ((-70)/4)/(2/4). Let m = 1261 - 1268. Is (-15495)/c + 0 + (-2)/m composite?
False
Suppose -4*s + 4 = -4. Suppose -8 = 6*y + s*y. Is y/(-2) + (-8244)/(-8) a prime number?
True
Let c(y) = -25*y**3 + 2*y**2 - 2*y - 13. Let m be c(-8). Let v = m - 8744. Is v a prime number?
False
Let u(g) = -4*g**3 - 5*g**2 + 6*g - 5. Let a be u(-7). Suppose 2*h - a = -h. Let c = 11 + h. Is c prime?
False
Let n(p) = -4*p - 5. Let y be n(0). Let v(a) = -32*a**2 + 8*a + 47. Let o(m) = -11*m**2 + 3*m + 16. Let z(w) = 8*o(w) - 3*v(w). Is z(y) a composite number?
True
Suppose 10970 = 5*z - 4*z - 4*w, -4*z - 3*w = -43956. Suppose -4*a = -10*a + z. Is a prime?
True
Let c be (-3)/((-12)/(-20)*(1 - -4)). Is (407/22)/(c/(-586)) prime?
False
Let q(a) be the second derivative of -40*a**3/3 + 11*a**2/2 + a. Let g = -158 - -154. Is q(g) composite?
False
Let g(o) = 182*o**2 - 7*o - 62. Is g(35) prime?
True
Let l be 2/(-6) - 153/27. Is (3 + 1120)*2/((-12)/l) composite?
False
Suppose -3*z + 766785 = 53046. Is z prime?
False
Let g(o) = -276*o - 538*o + 186*o - 1. Let n(p) = -5*p + 53. Let r be n(11). Is g(r) composite?
True
Suppose 2*y = 2 + 16. Suppose 11 = -t - y. Let h(n) = -n**3 - 19*n**2 + 18*n + 29. Is h(t) prime?
False
Let z be (4 + (-44)/(-8))*662. Suppose -23*x = 2586 - z. I